eatest common factor of 434 and 93.
31
Calculate the highest common divisor of 136 and 2312.
136
What is the greatest common factor of 132 and 6468?
132
What is the greatest common divisor of 7 and 25?
1
What is the greatest common divisor of 588 and 84?
84
What is the highest common factor of 52 and 1157?
13
Calculate the greatest common factor of 412 and 1545.
103
What is the highest common factor of 21 and 959?
7
What is the greatest common divisor of 4374 and 18?
18
What is the highest common factor of 157 and 19939?
157
What is the greatest common factor of 351 and 6?
3
What is the greatest common divisor of 308 and 88?
44
What is the greatest common divisor of 28 and 77?
7
What is the greatest common factor of 341 and 11?
11
Calculate the highest common divisor of 468 and 1508.
52
Calculate the highest common factor of 224 and 70.
14
Calculate the greatest common factor of 126 and 140.
14
What is the greatest common factor of 10 and 17040?
10
What is the highest common divisor of 48 and 21792?
48
Calculate the greatest common factor of 106 and 26.
2
Calculate the greatest common divisor of 38 and 76.
38
What is the highest common factor of 16 and 72?
8
Calculate the greatest common divisor of 28 and 6034.
14
What is the highest common divisor of 65 and 221?
13
What is the highest common divisor of 40 and 80?
40
What is the greatest common factor of 972 and 4?
4
Calculate the greatest common factor of 3020 and 160.
20
Calculate the highest common factor of 1592 and 48.
8
What is the highest common factor of 42 and 224?
14
What is the highest common factor of 91 and 31213?
91
What is the greatest common divisor of 143 and 8723?
143
Calculate the greatest common divisor of 554 and 23545.
277
Calculate the highest common factor of 11 and 143.
11
What is the highest common divisor of 198 and 288?
18
What is the greatest common divisor of 287 and 2829?
41
Calculate the highest common divisor of 252 and 84.
84
Calculate the greatest common divisor of 39 and 87.
3
Calculate the highest common divisor of 20 and 104.
4
Calculate the highest common divisor of 260 and 416.
52
Calculate the highest common divisor of 22681 and 74.
37
What is the highest common divisor of 236 and 6?
2
What is the highest common divisor of 940 and 4136?
188
Calculate the highest common factor of 60 and 540.
60
What is the highest common factor of 234 and 13221?
117
What is the highest common divisor of 37 and 259?
37
Calculate the greatest common factor of 70 and 6265.
35
What is the greatest common divisor of 54 and 12?
6
Calculate the greatest common divisor of 20 and 410.
10
What is the greatest common factor of 62 and 226?
2
Calculate the highest common factor of 11 and 1441.
11
Calculate the highest common factor of 22304 and 816.
272
Calculate the highest common divisor of 1419 and 33.
33
What is the highest common divisor of 345 and 15?
15
What is the highest common factor of 32 and 1952?
32
What is the highest common factor of 368 and 1336?
8
Calculate the highest common divisor of 12 and 534.
6
Calculate the greatest common divisor of 18 and 38574.
18
What is the greatest common factor of 10 and 6630?
10
Calculate the greatest common divisor of 140 and 15.
5
Calculate the highest common divisor of 120 and 1290.
30
Calculate the greatest common divisor of 2485 and 175.
35
Calculate the highest common factor of 1034 and 88.
22
Calculate the greatest common divisor of 134 and 2.
2
What is the highest common factor of 9 and 66?
3
Calculate the highest common factor of 312 and 3224.
104
Calculate the highest common divisor of 121 and 11.
11
Calculate the greatest common factor of 40 and 10.
10
What is the greatest common factor of 408 and 2652?
204
Calculate the greatest common divisor of 2272 and 232.
8
What is the greatest common factor of 18 and 819?
9
Calculate the highest common divisor of 8078 and 28.
14
What is the highest common divisor of 159 and 265?
53
Calculate the greatest common factor of 21417 and 177.
177
What is the greatest common divisor of 3136 and 1680?
112
Calculate the highest common factor of 660 and 120.
60
Calculate the highest common divisor of 280 and 105.
35
Calculate the greatest common factor of 390 and 2990.
130
What is the greatest common factor of 369 and 10209?
123
What is the highest common divisor of 1194 and 35422?
398
Calculate the greatest common factor of 49130 and 10.
10
What is the highest common divisor of 75 and 3950?
25
Calculate the greatest common factor of 1829 and 341.
31
Calculate the highest common factor of 17457 and 55.
11
What is the highest common factor of 8428 and 7?
7
What is the greatest common divisor of 36 and 48?
12
Calculate the highest common factor of 195 and 1495.
65
Calculate the highest common factor of 27 and 1503.
9
Calculate the greatest common factor of 4628 and 182.
26
What is the highest common factor of 1274 and 65?
13
What is the highest common divisor of 2442 and 330?
66
Calculate the greatest common factor of 18 and 23958.
18
What is the highest common factor of 5429 and 122?
61
Calculate the greatest common divisor of 220 and 30.
10
What is the highest common factor of 186 and 444?
6
What is the highest common divisor of 1068 and 84?
12
What is the highest common divisor of 192 and 48?
48
What is the highest common divisor of 164 and 108?
4
Calculate the greatest common divisor of 814 and 22.
22
What is the greatest common factor of 8265 and 725?
145
What is the greatest common divisor of 3 and 1893?
3
Calculate the highest common factor of 399 and 171.
57
Calculate the greatest common factor of 3296 and 96.
32
Calculate the highest common divisor of 84 and 112.
28
Calculate the highest common divisor of 46 and 6187.
23
What is the highest common factor of 98 and 245?
49
Calculate the highest common divisor of 621 and 6141.
69
What is the greatest common factor of 1341 and 27?
9
What is the highest common divisor of 3260 and 60?
20
What is the greatest common divisor of 10 and 21770?
10
What is the highest common factor of 12 and 1424?
4
Calculate the highest common factor of 125 and 400.
25
What is the highest common divisor of 387 and 9?
9
Calculate the highest common divisor of 78 and 78.
78
Calculate the highest common factor of 14424 and 48.
24
What is the greatest common factor of 2 and 18?
2
Calculate the highest common factor of 750 and 18.
6
Calculate the greatest common divisor of 188 and 32.
4
What is the greatest common divisor of 17888 and 43?
43
What is the highest common divisor of 585 and 26?
13
Calculate the greatest common factor of 536 and 24.
8
What is the greatest common factor of 41 and 943?
41
Calculate the highest common factor of 5750 and 46.
46
Calculate the greatest common factor of 133 and 57.
19
What is the greatest common divisor of 45 and 54?
9
Calculate the greatest common divisor of 400 and 50.
50
Calculate the greatest common factor of 48 and 552.
24
What is the greatest common divisor of 7 and 861?
7
What is the greatest common divisor of 1066 and 26?
26
Calculate the greatest common factor of 460 and 60.
20
Calculate the highest common divisor of 1846 and 78.
26
What is the greatest common factor of 14582 and 46?
46
Calculate the greatest common divisor of 3335 and 161.
23
What is the greatest common factor of 380 and 100?
20
What is the greatest common divisor of 22 and 1859?
11
Calculate the greatest common divisor of 224 and 1092.
28
Calculate the greatest common divisor of 14 and 19922.
14
What is the greatest common factor of 32 and 2?
2
What is the greatest common divisor of 152 and 5472?
152
Calculate the greatest common divisor of 329 and 423.
47
Calculate the highest common divisor of 4284 and 782.
34
What is the highest common divisor of 300 and 684?
12
What is the highest common factor of 4 and 18636?
4
What is the greatest common divisor of 9 and 216?
9
Calculate the highest common divisor of 2 and 62.
2
What is the highest common factor of 936 and 96?
24
Calculate the highest common factor of 67 and 737.
67
Calculate the greatest common divisor of 3501 and 12.
3
Calculate the highest common factor of 129 and 602.
43
Calculate the highest common divisor of 68 and 436.
4
What is the highest common factor of 435 and 580?
145
Calculate th